- m. List the prime factors of p.
41
Suppose -18*w - 20*w = -8436. What are the prime factors of w?
2, 3, 37
Let k(o) = -4*o**2 + 213*o - 26. List the prime factors of k(13).
3, 13, 53
Suppose -20 = -4*g, 0 = 5*o - 2*g - g - 735. Let i = -259 + o. Let u = i + 155. List the prime factors of u.
2, 23
Suppose 5*z = 6 - 31, -5147 = -3*a - 5*z. What are the prime factors of a?
2, 431
Let x = -246 - -358. What are the prime factors of x?
2, 7
Let f be (-1126)/(-5) + 17/(-85). Suppose -5*x = -f - 60. List the prime factors of x.
3, 19
Let p(m) = 51*m**3 + 2*m**2 + 6*m + 5. What are the prime factors of p(4)?
5, 7, 19
Let r(w) = -w**2 + 21. Let z be r(0). Let s be (-60)/z*(-28)/8. Let k = s - -4. List the prime factors of k.
2, 7
Suppose 5*j - 35 = -3*f, -4*f + 3*j = -0*f - 8. Suppose -4 = -4*v, -f*z + 140 = -3*z + 2*v. What are the prime factors of (z + 6/(-3))*1?
67
What are the prime factors of 2516/85 - (-2)/5?
2, 3, 5
Suppose -m + 6*m = -2*t - 120, 4*t + 3*m = -226. Let f = t - -113. List the prime factors of f.
2, 29
Suppose 13*n = 20*n - 1393. List the prime factors of n.
199
Suppose 3*h + 400 = 5*d, 5*d - 7*d - 2*h + 176 = 0. Let v = d + -18. What are the prime factors of v?
5, 13
Let m = -5 + -22. Let t = 17 + m. Let a = t - -16. List the prime factors of a.
2, 3
Let m = 6 - 12. Let s be -6 - m - 6/(-2). Suppose -z - 5*v - 11 = 0, 33 = 5*z - 0*v + s*v. List the prime factors of z.
3
Suppose 5*u = -16*u + 8421. List the prime factors of u.
401
Let w(a) = -2*a + 0*a + 11 - 15. Let p(z) = -10*z - 20. Let l(v) = 3*p(v) - 16*w(v). List the prime factors of l(2).
2
Let g(v) = -892*v - 481. List the prime factors of g(-3).
5, 439
Suppose 3*w - 160 = r, -2*r = -5*w + 3*r + 270. Suppose j - 31 = w. Let i = -49 + j. What are the prime factors of i?
5, 7
Suppose -q + 5*x + 20 = 0, -61 = -2*q + 2*x + x. Suppose 4*u + u - q = 0. Suppose z = u + 5. What are the prime factors of z?
2, 3
Suppose -1274 = -2*a - 4*q, 1250 = 2*a - 85*q + 83*q. What are the prime factors of a?
17, 37
Let w(k) = 5*k**3 + 3*k**2 - 3. Let j(v) = -26*v**3 - 15*v**2 + v + 16. Let n(q) = -2*j(q) - 11*w(q). List the prime factors of n(-2).
17
Let i = 47 - 27. What are the prime factors of 59 + 7/((-35)/i)?
5, 11
Suppose 5*k + r = 2131, 2*r = -4*k - 342 + 2042. List the prime factors of k.
7, 61
Suppose -5*q = g - 2610, -5*q - 4*g + 790 + 1820 = 0. List the prime factors of q.
2, 3, 29
Suppose 3*u - 4 = -10. Let f(i) = -9*i + 1. List the prime factors of f(u).
19
Suppose -o - u - 1 + 4 = 0, 2*u + 12 = o. Let x(y) = 2*y - 1 + 5*y**2 + o*y**2 - 3*y**2. List the prime factors of x(-2).
3
Let g(l) = l**3 + 2*l**2 + 3. Let h be g(-2). Suppose -w = 2*s - 1, -3*s = -h*w + 5*w. List the prime factors of s.
2
Suppose 292030 = 33*n + 25*n. What are the prime factors of n?
5, 19, 53
Let a be 164/(-2 - 3*(-10)/12). Suppose 3*s = -4*k + a, -4*k + 2*s = -2*s - 300. List the prime factors of k.
79
Let s be -2 - (-4 - (-3 - -1)). Suppose -3*g - 2*g = s. Suppose -i + m + 22 = g, -5*i + 84 = -4*m - 29. List the prime factors of i.
5
Let w = -74 - -735. List the prime factors of w.
661
Let u = -1139 + 1616. Suppose 3*j - u = -201. List the prime factors of j.
2, 23
What are the prime factors of 61131/82 - (-2)/(-4)?
5, 149
Let r(j) = -47*j + 44. Let h be r(-6). Suppose -6*k = -406 - h. What are the prime factors of k?
2, 61
Let h(m) = -43*m - 45. Let c(a) = -22*a - 22. Let v(i) = 5*c(i) - 3*h(i). What are the prime factors of v(8)?
3, 59
Let g(u) = 10*u**3 - 4*u**2 - u + 4. Let r be g(3). Let s = 363 - r. Suppose 0 = -0*q - 5*q - 20, -3*y + s = -2*q. List the prime factors of y.
2, 5
Suppose -3*q = -2*a - 130, 2*q - 2*a = -11 + 97. Suppose -2*u = 2*u - q. Suppose -2*c - 24 = -5*s + 3, 0 = 3*s + 4*c - u. What are the prime factors of s?
5
Suppose -u = -9*u + 32. What are the prime factors of (64 - u) + 3/3?
61
Let b = 87 - -54. Suppose -3*a + 399 = -b. List the prime factors of ((-10)/(-8))/(3/a).
3, 5
Let c be 3 - (17 + 3/(-3)). Let l = -5 - c. Suppose 26 = s + l. List the prime factors of s.
2, 3
Let b(r) = -5 - 5*r - 1 + 12*r. Suppose 27*l - 41*l + 84 = 0. What are the prime factors of b(l)?
2, 3
Suppose 319 = d + 3*p, 5*d + 7*p - 1515 = 12*p. List the prime factors of d.
307
Let t be ((-12)/(-9))/(3*(-8)/(-90)). Suppose 4*o + 697 = 3*s, -4*s + t*o + 977 = 48. What are the prime factors of s?
3, 7, 11
Let p = 9 + -11. Let n be 9/3 + (-4)/p. Suppose 5*m = -2*r + 73, 0*r + r + 1 = n*m. List the prime factors of r.
2, 3
Let j be (-2 - (-15 + 3))/1. Let c be -1 + (j*3 - 0). Let q = -15 + c. What are the prime factors of q?
2, 7
Suppose 79686 = 18*k + 39*k. What are the prime factors of k?
2, 3, 233
Let o(g) = 3*g**2 + 2*g - 1. Let p be o(1). Suppose -6*c + p*c = -70. Let a = 80 - c. List the prime factors of a.
3, 5
Let f = 18 + -16. List the prime factors of 74 - (f - 2 - 1).
3, 5
List the prime factors of 11/9 + -1 + (-5214)/(-594).
3
Let m = 37 + 16. Suppose 25 = -52*x + m*x. List the prime factors of x.
5
Let i(v) = -v**3 + 12*v**2 - 11*v + 4. Let l be i(11). Suppose -n + l*m = -34 - 26, -4*m = -3*n + 148. What are the prime factors of n?
2, 11
Suppose -5*b + 5*l = -70, -3*b + 42 = -l - 4*l. Suppose 16*y + 8 = b*y. List the prime factors of (10 + -2 - -1) + y.
5
Suppose -15*x + 14*x - 14907 = -5*h, 0 = -2*h + 3*x + 5968. What are the prime factors of h?
11, 271
Let l be 1 + (-1 - (2 - -65)). Let p = l - -98. What are the prime factors of p?
31
Let i(b) = 267*b + 73. What are the prime factors of i(4)?
7, 163
Let y be 3 + (-462)/(-1 - 0). Let h be y/(-27) + 4/18. Let u = h - -20. What are the prime factors of u?
3
Let p(x) = -x**3 + x**2 - x + 39. Let j be 3/(-1) - (10 - 13). Let g be p(j). Suppose 13 = 4*i - g. What are the prime factors of i?
13
Suppose 3*s = -3, 0*u - 615 = -2*u + 5*s. Let f = u - 203. What are the prime factors of f?
2, 3, 17
Let s(g) = g**2 - 11*g - 27. Let n be s(14). Suppose -n = -m + 19. What are the prime factors of m?
2, 17
Suppose s = -0 + 6. Let a(g) = 2*g**2 - 11*g + 16. List the prime factors of a(s).
2, 11
Let f = 923 + -551. List the prime factors of f.
2, 3, 31
Let i = 7 - 2. Let h = i - -24. What are the prime factors of h?
29
Let t(j) = -j**3 + 13*j**2 - 7*j - 17. Suppose 3*c + 56 = 5*c. Let x = c - 16. What are the prime factors of t(x)?
43
Suppose b - 5 = -6. List the prime factors of 64/3 - b/(-3).
3, 7
Let u(i) = 139*i + 1193. List the prime factors of u(20).
29, 137
Let w(x) = x**2 + 22*x - 35. What are the prime factors of w(11)?
2, 41
Let k(h) = -h**3 - 15*h**2 + 17*h + 16. Let y be k(-16). What are the prime factors of 39/2*(y - 28/(-6))?
7, 13
Let i = 534 + 722. List the prime factors of i.
2, 157
Suppose 18 - 22 = -2*c. What are the prime factors of c/(0 - (30/(-303))/5)?
101
Suppose 2519 - 6539 = -10*q. List the prime factors of q.
2, 3, 67
Suppose u = -u + 30. Suppose 5*t = v + v - u, 0 = -t - 3. Suppose 2*i = 4*i + 2*f - 56, v = 3*f - 9. What are the prime factors of i?
5
Let x(y) = y**3 - 7*y**2 - 9*y + 16. Suppose -33*b + 28*b + 40 = 0. List the prime factors of x(b).
2
Suppose 4*b + 5*s - 1936 = 0, -9*s + 2429 = 5*b - 5*s. What are the prime factors of b?
3, 163
Let l(d) = -11*d + 2*d - 14 + 2 + 0. List the prime factors of l(-6).
2, 3, 7
Let w = 427 + 92. Suppose 5*t - 79 = -w. Let k = -53 - t. List the prime factors of k.
5, 7
Let f(t) = -t**2 - 10*t + 8. Let i be f(-10). Suppose i*x - 4*x = 32. Suppose -148 = 4*v - x*v. What are the prime factors of v?
37
Let h(k) = k + 49. Let u be h(-23). Suppose -u - 230 = -2*r. What are the prime factors of r?
2
Suppose 4*m = 4*a - 18076, 5*m + 3419 = 4*a - 14662. List the prime factors of a.
2, 37, 61
Let j = 25 - -43. Suppose -5*n = -j - 72. What are the prime factors of n?
2, 7
Let s = -84 - -171. List the prime factors of s.
3, 29
Suppose -3 = -2*z - 5. Let t be (z + 0)/((-10)/20). What are the prime factors of (-8 - -5) + (8 - t)?
3
Suppose 2270 = 4*a + 722. Let c = a - 191. List the prime factors of c.
2, 7
Let k(d) = -d**2 - 19*d + 40. What are the prime factors of k(-18)?
2, 29
Let n(w) = -103*w**3 - 7*w**2 - 23*w + 7. What are the prime factors of n(-3)?
2, 11, 127
Let g = -4611 + 7983. List the prime factors of g.
2, 3, 281
Suppose -3*y = -4*h - 116 + 2466, 3*h - 1754 = -2*y. List the prime factors